{"id":536,"date":"2025-03-26T10:07:00","date_gmt":"2025-03-26T09:07:00","guid":{"rendered":"https:\/\/www.wokthai.tn\/?post_type=product&#038;p=536"},"modified":"2025-04-07T14:37:33","modified_gmt":"2025-04-07T12:37:33","slug":"gaeng-daeng","status":"publish","type":"product","link":"https:\/\/www.wokthai.tn\/?product=gaeng-daeng&lang=fr","title":{"rendered":"Gaeng Daeng Poulet"},"content":{"rendered":"<p>Velout\u00e9 onctueux aux saveurs de curry rouge, jaune ou vert, parfum\u00e9 \u00e0 la cr\u00e8me de lait de coco, au galanga et \u00e0 la citronnelle. Accompagn\u00e9 de l\u00e9gumes croquants, de riz blanc, d\u2019un \u0153uf, de champignons savoureux et de cacahu\u00e8tes concass\u00e9es.<\/p>\n","protected":false},"excerpt":{"rendered":"<p>Choisis ton mood : rouge (un peu de feu), jaune ou vert (tout en finesse).<\/p>\n","protected":false},"featured_media":538,"template":"","meta":[],"product_brand":[],"product_cat":[36],"product_tag":[],"class_list":{"0":"post-536","1":"product","2":"type-product","3":"status-publish","4":"has-post-thumbnail","6":"product_cat-c-rice","8":"first","9":"instock","10":"shipping-taxable","11":"product-type-variable"},"jetpack_sharing_enabled":true,"_links":{"self":[{"href":"https:\/\/www.wokthai.tn\/index.php?rest_route=\/wp\/v2\/product\/536","targetHints":{"allow":["GET"]}}],"collection":[{"href":"https:\/\/www.wokthai.tn\/index.php?rest_route=\/wp\/v2\/product"}],"about":[{"href":"https:\/\/www.wokthai.tn\/index.php?rest_route=\/wp\/v2\/types\/product"}],"wp:featuredmedia":[{"embeddable":true,"href":"https:\/\/www.wokthai.tn\/index.php?rest_route=\/wp\/v2\/media\/538"}],"wp:attachment":[{"href":"https:\/\/www.wokthai.tn\/index.php?rest_route=%2Fwp%2Fv2%2Fmedia&parent=536"}],"wp:term":[{"taxonomy":"product_brand","embeddable":true,"href":"https:\/\/www.wokthai.tn\/index.php?rest_route=%2Fwp%2Fv2%2Fproduct_brand&post=536"},{"taxonomy":"product_cat","embeddable":true,"href":"https:\/\/www.wokthai.tn\/index.php?rest_route=%2Fwp%2Fv2%2Fproduct_cat&post=536"},{"taxonomy":"product_tag","embeddable":true,"href":"https:\/\/www.wokthai.tn\/index.php?rest_route=%2Fwp%2Fv2%2Fproduct_tag&post=536"}],"curies":[{"name":"wp","href":"https:\/\/api.w.org\/{rel}","templated":true}]}}