{"id":40,"date":"2024-07-21T09:18:00","date_gmt":"2024-07-21T09:18:00","guid":{"rendered":"https:\/\/cristiano.ukrdevs.com\/restaurant\/elementor\/?post_type=product&#038;p=40"},"modified":"2025-04-07T14:37:53","modified_gmt":"2025-04-07T12:37:53","slug":"laksa-lemak","status":"publish","type":"product","link":"https:\/\/www.wokthai.tn\/?product=laksa-lemak&lang=fr","title":{"rendered":"Laksa lemak Poulet"},"content":{"rendered":"<p>Nouilles fra\u00eeches servies dans une sauce \u00e9pic\u00e9e au lait de coco, oignons frits asiatiques et au curry, accompagn\u00e9es d\u2019un \u0153uf onctueux et de l\u00e9gumes frais croquants.<\/p>\n","protected":false},"excerpt":{"rendered":"<p>Nouilles fra\u00eeches servies dans une sauce \u00e9pic\u00e9e au lait de coco, oignons frits asiatiques et au curry, accompagn\u00e9es d\u2019un \u0153uf onctueux et de l\u00e9gumes frais croquants.<\/p>\n","protected":false},"featured_media":920,"template":"","meta":[],"product_brand":[],"product_cat":[37],"product_tag":[],"class_list":{"0":"post-40","1":"product","2":"type-product","3":"status-publish","4":"has-post-thumbnail","6":"product_cat-b-noo","8":"first","9":"instock","10":"shipping-taxable","11":"product-type-variable"},"jetpack_sharing_enabled":true,"_links":{"self":[{"href":"https:\/\/www.wokthai.tn\/index.php?rest_route=\/wp\/v2\/product\/40","targetHints":{"allow":["GET"]}}],"collection":[{"href":"https:\/\/www.wokthai.tn\/index.php?rest_route=\/wp\/v2\/product"}],"about":[{"href":"https:\/\/www.wokthai.tn\/index.php?rest_route=\/wp\/v2\/types\/product"}],"wp:featuredmedia":[{"embeddable":true,"href":"https:\/\/www.wokthai.tn\/index.php?rest_route=\/wp\/v2\/media\/920"}],"wp:attachment":[{"href":"https:\/\/www.wokthai.tn\/index.php?rest_route=%2Fwp%2Fv2%2Fmedia&parent=40"}],"wp:term":[{"taxonomy":"product_brand","embeddable":true,"href":"https:\/\/www.wokthai.tn\/index.php?rest_route=%2Fwp%2Fv2%2Fproduct_brand&post=40"},{"taxonomy":"product_cat","embeddable":true,"href":"https:\/\/www.wokthai.tn\/index.php?rest_route=%2Fwp%2Fv2%2Fproduct_cat&post=40"},{"taxonomy":"product_tag","embeddable":true,"href":"https:\/\/www.wokthai.tn\/index.php?rest_route=%2Fwp%2Fv2%2Fproduct_tag&post=40"}],"curies":[{"name":"wp","href":"https:\/\/api.w.org\/{rel}","templated":true}]}}