{"id":35,"date":"2024-07-21T09:14:22","date_gmt":"2024-07-21T09:14:22","guid":{"rendered":"https:\/\/cristiano.ukrdevs.com\/restaurant\/elementor\/?post_type=product&#038;p=35"},"modified":"2025-04-07T14:37:53","modified_gmt":"2025-04-07T12:37:53","slug":"general-tso-chicken","status":"publish","type":"product","link":"https:\/\/www.wokthai.tn\/?product=general-tso-chicken&lang=fr","title":{"rendered":"General tso Poulet"},"content":{"rendered":"<p>Morceaux de poulet pan\u00e9s, croustillants et caram\u00e9lis\u00e9s \u00e0 la sauce gingembre, champignons frais le tout servi avec un accompagnement de riz tendre et parfum\u00e9.<\/p>\n","protected":false},"excerpt":{"rendered":"<p>Morceaux de poulet pan\u00e9s, croustillants et caram\u00e9lis\u00e9s \u00e0 la sauce gingembre, champignons frais le tout servi avec un accompagnement de riz tendre et parfum\u00e9.<\/p>\n","protected":false},"featured_media":534,"template":"","meta":[],"product_brand":[],"product_cat":[36],"product_tag":[],"class_list":{"0":"post-35","1":"product","2":"type-product","3":"status-publish","4":"has-post-thumbnail","6":"product_cat-c-rice","8":"first","9":"instock","10":"shipping-taxable","11":"product-type-variable"},"jetpack_sharing_enabled":true,"_links":{"self":[{"href":"https:\/\/www.wokthai.tn\/index.php?rest_route=\/wp\/v2\/product\/35","targetHints":{"allow":["GET"]}}],"collection":[{"href":"https:\/\/www.wokthai.tn\/index.php?rest_route=\/wp\/v2\/product"}],"about":[{"href":"https:\/\/www.wokthai.tn\/index.php?rest_route=\/wp\/v2\/types\/product"}],"wp:featuredmedia":[{"embeddable":true,"href":"https:\/\/www.wokthai.tn\/index.php?rest_route=\/wp\/v2\/media\/534"}],"wp:attachment":[{"href":"https:\/\/www.wokthai.tn\/index.php?rest_route=%2Fwp%2Fv2%2Fmedia&parent=35"}],"wp:term":[{"taxonomy":"product_brand","embeddable":true,"href":"https:\/\/www.wokthai.tn\/index.php?rest_route=%2Fwp%2Fv2%2Fproduct_brand&post=35"},{"taxonomy":"product_cat","embeddable":true,"href":"https:\/\/www.wokthai.tn\/index.php?rest_route=%2Fwp%2Fv2%2Fproduct_cat&post=35"},{"taxonomy":"product_tag","embeddable":true,"href":"https:\/\/www.wokthai.tn\/index.php?rest_route=%2Fwp%2Fv2%2Fproduct_tag&post=35"}],"curies":[{"name":"wp","href":"https:\/\/api.w.org\/{rel}","templated":true}]}}