{"id":1047,"date":"2025-03-30T09:57:53","date_gmt":"2025-03-30T07:57:53","guid":{"rendered":"https:\/\/www.wokthai.tn\/?post_type=product&#038;p=1047"},"modified":"2025-04-07T14:36:40","modified_gmt":"2025-04-07T12:36:40","slug":"chicken-satay","status":"publish","type":"product","link":"https:\/\/www.wokthai.tn\/?product=chicken-satay&lang=fr","title":{"rendered":"Chicken Satay"},"content":{"rendered":"<p>Des brochettes de poulet marin\u00e9es et grill\u00e9es, accompagn\u00e9es de votre choix de riz blanc ou de nouilles fra\u00eeches.<br \/>\n\u00c0 cela s\u2019ajoutent des l\u00e9gumes saut\u00e9s croquants (brocolis, carottes, choux, oignons et champignons),<br \/>\ndes chips dor\u00e9es en rondelles et nos sauces maison : une mayo chilly l\u00e9g\u00e8rement \u00e9pic\u00e9e &amp; une sauce sucr\u00e9e-sal\u00e9e. Possibilit\u00e9 de remplacer les nouilles fra\u00eeches par du riz \u00ab\u00a0Tha\u00ef Jasmin rice\u00a0\u00bb.<\/p>\n","protected":false},"excerpt":{"rendered":"<p>Des brochettes de poulet marin\u00e9es et grill\u00e9es, accompagn\u00e9es de votre choix de riz blanc ou de nouilles fra\u00eeches. \u00c0 cela s\u2019ajoutent des l\u00e9gumes saut\u00e9s croquants (brocolis, carottes, choux, oignons et&#8230;<\/p>\n","protected":false},"featured_media":604,"template":"","meta":[],"product_brand":[],"product_cat":[15],"product_tag":[],"class_list":{"0":"post-1047","1":"product","2":"type-product","3":"status-publish","4":"has-post-thumbnail","6":"product_cat-non-classe","8":"first","9":"instock","10":"shipping-taxable","11":"product-type-simple"},"jetpack_sharing_enabled":true,"_links":{"self":[{"href":"https:\/\/www.wokthai.tn\/index.php?rest_route=\/wp\/v2\/product\/1047","targetHints":{"allow":["GET"]}}],"collection":[{"href":"https:\/\/www.wokthai.tn\/index.php?rest_route=\/wp\/v2\/product"}],"about":[{"href":"https:\/\/www.wokthai.tn\/index.php?rest_route=\/wp\/v2\/types\/product"}],"wp:featuredmedia":[{"embeddable":true,"href":"https:\/\/www.wokthai.tn\/index.php?rest_route=\/wp\/v2\/media\/604"}],"wp:attachment":[{"href":"https:\/\/www.wokthai.tn\/index.php?rest_route=%2Fwp%2Fv2%2Fmedia&parent=1047"}],"wp:term":[{"taxonomy":"product_brand","embeddable":true,"href":"https:\/\/www.wokthai.tn\/index.php?rest_route=%2Fwp%2Fv2%2Fproduct_brand&post=1047"},{"taxonomy":"product_cat","embeddable":true,"href":"https:\/\/www.wokthai.tn\/index.php?rest_route=%2Fwp%2Fv2%2Fproduct_cat&post=1047"},{"taxonomy":"product_tag","embeddable":true,"href":"https:\/\/www.wokthai.tn\/index.php?rest_route=%2Fwp%2Fv2%2Fproduct_tag&post=1047"}],"curies":[{"name":"wp","href":"https:\/\/api.w.org\/{rel}","templated":true}]}}