{"id":1841,"date":"2025-05-06T08:59:20","date_gmt":"2025-05-06T07:59:20","guid":{"rendered":"https:\/\/www.wokthai.tn\/?page_id=1841"},"modified":"2025-05-06T09:02:44","modified_gmt":"2025-05-06T08:02:44","slug":"whats-new","status":"publish","type":"page","link":"https:\/\/www.wokthai.tn\/?page_id=1841&lang=en","title":{"rendered":"What&rsquo;s New"},"content":{"rendered":"\t\t<div data-elementor-type=\"wp-page\" data-elementor-id=\"1841\" class=\"elementor elementor-1841\">\n\t\t\t\t<div class=\"elementor-element elementor-element-8047ab3 e-flex e-con-boxed e-con e-parent\" data-id=\"8047ab3\" data-element_type=\"container\" data-e-type=\"container\">\n\t\t\t\t\t<div class=\"e-con-inner\">\n\t\t\t\t<div class=\"elementor-element elementor-element-b26d936 e-transform elementor-widget elementor-widget-cristiano_menu\" data-id=\"b26d936\" data-element_type=\"widget\" data-e-type=\"widget\" data-settings=\"{&quot;_transform_translateX_effect&quot;:{&quot;unit&quot;:&quot;px&quot;,&quot;size&quot;:0,&quot;sizes&quot;:[]},&quot;_transform_translateX_effect_tablet&quot;:{&quot;unit&quot;:&quot;px&quot;,&quot;size&quot;:&quot;&quot;,&quot;sizes&quot;:[]},&quot;_transform_translateX_effect_mobile&quot;:{&quot;unit&quot;:&quot;px&quot;,&quot;size&quot;:&quot;&quot;,&quot;sizes&quot;:[]},&quot;_transform_translateY_effect&quot;:{&quot;unit&quot;:&quot;px&quot;,&quot;size&quot;:&quot;&quot;,&quot;sizes&quot;:[]},&quot;_transform_translateY_effect_tablet&quot;:{&quot;unit&quot;:&quot;px&quot;,&quot;size&quot;:&quot;&quot;,&quot;sizes&quot;:[]},&quot;_transform_translateY_effect_mobile&quot;:{&quot;unit&quot;:&quot;px&quot;,&quot;size&quot;:&quot;&quot;,&quot;sizes&quot;:[]}}\" data-widget_type=\"cristiano_menu.default\">\n\t\t\t\t<div class=\"elementor-widget-container\">\n\t\t\t\t\t\t\n\t\t\t\t\t\t\t\n\t\t\t\t\t\n\t\t\t\t\t\n\t\t\t\t<div class=\"restorator-menu-wrap\">\n\t\t\t\t\t\t\t\t\t\t\t<div id=\"f-menu-kids\" class=\"restorator-menu-cat anchor-cat\">\n\t\t\t\t\t\t\t\t\n\t\t\t\t\t\t\t<div class=\"restorator-menu-cat__heading\">\n\t\t\t\t\t\t\t\t\t\t\t\t\t\t\t\t\t<div class=\"restorator-menu-cat__title-wrap\">\n\t\t\t\t\t\t\t\t\t\t<h2 class=\"restorator-menu-cat__title\">Only at Woktha\u00ef Ennasr<\/h2>\n\t\t\t\t\t\t\t\t\t<\/div>\n\t\t\t\t\t\t\t\t\t\t\t\t\t\t\t\t<div class=\"restorator-menu-cat__desc\">\t\t\t\t\t\t\t\t\t\t\t\n\t\t\t\t\t\t\t\t\t\t\t\t\t\t\t\t\t<\/div>\n\t\t\t\t\t\t\t<\/div>\n\t\t\t\t\t\t\t\t\t\t\t\t\t\t\t\t\t\t\t\t\t\t<ul class=\"restorator-menu\">\n\t\t\t\t\t\t\t\t\t<li class=\"restorator-menu-item  post-72 dishes_menu type-dishes_menu status-publish has-post-thumbnail hentry dishes_categories-f-menu-kids\">\r\n\t\t\t\r\n\t\t<div class=\"restorator-menu-item__thumbnail\">\r\n\t\t\t<span class=\"restorator-menu-item__thumbnail-zoom\" style=\"transform: rotate(-2deg)\">\r\n\t\t\t\t<img fetchpriority=\"high\" decoding=\"async\" width=\"408\" height=\"272\" src=\"https:\/\/i0.wp.com\/www.wokthai.tn\/wp-content\/uploads\/2024\/07\/IMG_3287-scaled.jpg?fit=408%2C272&amp;ssl=1\" class=\"attachment-medium size-medium wp-post-image\" alt=\"\" srcset=\"https:\/\/i0.wp.com\/www.wokthai.tn\/wp-content\/uploads\/2024\/07\/IMG_3287-scaled.jpg?w=2560&amp;ssl=1 2560w, https:\/\/i0.wp.com\/www.wokthai.tn\/wp-content\/uploads\/2024\/07\/IMG_3287-scaled.jpg?resize=408%2C272&amp;ssl=1 408w, https:\/\/i0.wp.com\/www.wokthai.tn\/wp-content\/uploads\/2024\/07\/IMG_3287-scaled.jpg?resize=857%2C571&amp;ssl=1 857w, https:\/\/i0.wp.com\/www.wokthai.tn\/wp-content\/uploads\/2024\/07\/IMG_3287-scaled.jpg?resize=1620%2C1080&amp;ssl=1 1620w, https:\/\/i0.wp.com\/www.wokthai.tn\/wp-content\/uploads\/2024\/07\/IMG_3287-scaled.jpg?resize=1320%2C880&amp;ssl=1 1320w, https:\/\/i0.wp.com\/www.wokthai.tn\/wp-content\/uploads\/2024\/07\/IMG_3287-scaled.jpg?resize=754%2C502&amp;ssl=1 754w, https:\/\/i0.wp.com\/www.wokthai.tn\/wp-content\/uploads\/2024\/07\/IMG_3287-scaled.jpg?w=2000&amp;ssl=1 2000w\" sizes=\"(max-width: 408px) 100vw, 408px\" data-attachment-id=\"602\" data-permalink=\"https:\/\/www.wokthai.tn\/?attachment_id=602\" data-orig-file=\"https:\/\/i0.wp.com\/www.wokthai.tn\/wp-content\/uploads\/2024\/07\/IMG_3287-scaled.jpg?fit=2560%2C1707&amp;ssl=1\" data-orig-size=\"2560,1707\" data-comments-opened=\"1\" data-image-meta=\"{&quot;aperture&quot;:&quot;10&quot;,&quot;credit&quot;:&quot;Younes Hachicha&quot;,&quot;camera&quot;:&quot;Canon EOS R6&quot;,&quot;caption&quot;:&quot;&quot;,&quot;created_timestamp&quot;:&quot;1701017509&quot;,&quot;copyright&quot;:&quot;Younes Hachicha&quot;,&quot;focal_length&quot;:&quot;70&quot;,&quot;iso&quot;:&quot;250&quot;,&quot;shutter_speed&quot;:&quot;0.004&quot;,&quot;title&quot;:&quot;&quot;,&quot;orientation&quot;:&quot;0&quot;}\" data-image-title=\"IMG_3287\" data-image-description=\"\" data-image-caption=\"\" data-large-file=\"https:\/\/i0.wp.com\/www.wokthai.tn\/wp-content\/uploads\/2024\/07\/IMG_3287-scaled.jpg?fit=857%2C571&amp;ssl=1\" \/>\t\t\t<\/span>\r\n\t\t\t<img decoding=\"async\" width=\"150\" height=\"150\" src=\"https:\/\/i0.wp.com\/www.wokthai.tn\/wp-content\/uploads\/2024\/07\/IMG_3287-scaled.jpg?resize=150%2C150&amp;ssl=1\" class=\"attachment-thumbnail size-thumbnail wp-post-image\" alt=\"\" srcset=\"https:\/\/i0.wp.com\/www.wokthai.tn\/wp-content\/uploads\/2024\/07\/IMG_3287-scaled.jpg?resize=150%2C150&amp;ssl=1 150w, https:\/\/i0.wp.com\/www.wokthai.tn\/wp-content\/uploads\/2024\/07\/IMG_3287-scaled.jpg?resize=245%2C245&amp;ssl=1 245w, https:\/\/i0.wp.com\/www.wokthai.tn\/wp-content\/uploads\/2024\/07\/IMG_3287-scaled.jpg?zoom=2&amp;resize=150%2C150&amp;ssl=1 300w, https:\/\/i0.wp.com\/www.wokthai.tn\/wp-content\/uploads\/2024\/07\/IMG_3287-scaled.jpg?zoom=3&amp;resize=150%2C150&amp;ssl=1 450w\" sizes=\"(max-width: 150px) 100vw, 150px\" data-attachment-id=\"602\" data-permalink=\"https:\/\/www.wokthai.tn\/?attachment_id=602\" data-orig-file=\"https:\/\/i0.wp.com\/www.wokthai.tn\/wp-content\/uploads\/2024\/07\/IMG_3287-scaled.jpg?fit=2560%2C1707&amp;ssl=1\" data-orig-size=\"2560,1707\" data-comments-opened=\"1\" data-image-meta=\"{&quot;aperture&quot;:&quot;10&quot;,&quot;credit&quot;:&quot;Younes Hachicha&quot;,&quot;camera&quot;:&quot;Canon EOS R6&quot;,&quot;caption&quot;:&quot;&quot;,&quot;created_timestamp&quot;:&quot;1701017509&quot;,&quot;copyright&quot;:&quot;Younes Hachicha&quot;,&quot;focal_length&quot;:&quot;70&quot;,&quot;iso&quot;:&quot;250&quot;,&quot;shutter_speed&quot;:&quot;0.004&quot;,&quot;title&quot;:&quot;&quot;,&quot;orientation&quot;:&quot;0&quot;}\" data-image-title=\"IMG_3287\" data-image-description=\"\" data-image-caption=\"\" data-large-file=\"https:\/\/i0.wp.com\/www.wokthai.tn\/wp-content\/uploads\/2024\/07\/IMG_3287-scaled.jpg?fit=857%2C571&amp;ssl=1\" \/>\t\t<\/div>\t\t\t\r\n\t\t<div class=\"restorator-menu-item__entry\">\r\n\t\t<div class=\"restorator-menu-item__heading\">\r\n\t\t\t<h3 class=\"restorator-menu-item__title\">\r\n\t\t\t\t<a href=\"https:\/\/www.wokthai.tn\/?dishes_menu=dragon-roll\" class=\"restorator-menu-item__title-link\">\r\n\t\t\t\t\tBeef Satay\t\t\t\t<\/a>\r\n\t\t\t<\/h3>\r\n\t\t\t<hr>\r\n\t\t\t<span class=\"restorator-menu-item__price\">32 <span class=\"currency\">DT<\/span><\/span>\t\t<\/div>\r\n\t\t<div class=\"restorator-menu-item__desc\">\r\n\t\t\t\t\r\n\t\t\t\t\t\t\t\t<div>Des brochettes de b\u0153uf (100 % maigre), accompagn\u00e9es de votre choix de riz tha\u00ef jasmin premium ou de nouilles saut\u00e9es \u00e0 l\u2019ail au wok, de l\u00e9gumes saut\u00e9s au wok, des champignons frais, accompagn\u00e9es d&rsquo;une sauce sweet chili, de mayo Sriracha et de chips en rondelles.<br \/>\nPossibilit\u00e9 de remplacer le riz par des nouilles saut\u00e9es.<\/div>\n<div class=\"yj6qo ajU\"><\/div>\n\t\t<\/div>\r\n\t<\/div>\r\n<\/li><li class=\"restorator-menu-item  post-73 dishes_menu type-dishes_menu status-publish has-post-thumbnail hentry dishes_categories-f-menu-kids\">\r\n\t\t\t\r\n\t\t<div class=\"restorator-menu-item__thumbnail\">\r\n\t\t\t<span class=\"restorator-menu-item__thumbnail-zoom\" style=\"transform: rotate(-1deg)\">\r\n\t\t\t\t<img decoding=\"async\" width=\"408\" height=\"272\" src=\"https:\/\/i0.wp.com\/www.wokthai.tn\/wp-content\/uploads\/2024\/07\/IMG_3280-1-scaled.jpeg?fit=408%2C272&amp;ssl=1\" class=\"attachment-medium size-medium wp-post-image\" alt=\"\" srcset=\"https:\/\/i0.wp.com\/www.wokthai.tn\/wp-content\/uploads\/2024\/07\/IMG_3280-1-scaled.jpeg?w=2560&amp;ssl=1 2560w, https:\/\/i0.wp.com\/www.wokthai.tn\/wp-content\/uploads\/2024\/07\/IMG_3280-1-scaled.jpeg?resize=408%2C272&amp;ssl=1 408w, https:\/\/i0.wp.com\/www.wokthai.tn\/wp-content\/uploads\/2024\/07\/IMG_3280-1-scaled.jpeg?resize=857%2C571&amp;ssl=1 857w, https:\/\/i0.wp.com\/www.wokthai.tn\/wp-content\/uploads\/2024\/07\/IMG_3280-1-scaled.jpeg?w=2000&amp;ssl=1 2000w\" sizes=\"(max-width: 408px) 100vw, 408px\" data-attachment-id=\"604\" data-permalink=\"https:\/\/www.wokthai.tn\/?attachment_id=604\" data-orig-file=\"https:\/\/i0.wp.com\/www.wokthai.tn\/wp-content\/uploads\/2024\/07\/IMG_3280-1-scaled.jpeg?fit=2560%2C1707&amp;ssl=1\" data-orig-size=\"2560,1707\" data-comments-opened=\"1\" data-image-meta=\"{&quot;aperture&quot;:&quot;0&quot;,&quot;credit&quot;:&quot;&quot;,&quot;camera&quot;:&quot;&quot;,&quot;caption&quot;:&quot;&quot;,&quot;created_timestamp&quot;:&quot;0&quot;,&quot;copyright&quot;:&quot;&quot;,&quot;focal_length&quot;:&quot;0&quot;,&quot;iso&quot;:&quot;0&quot;,&quot;shutter_speed&quot;:&quot;0&quot;,&quot;title&quot;:&quot;&quot;,&quot;orientation&quot;:&quot;1&quot;}\" data-image-title=\"IMG_3280 (1)\" data-image-description=\"\" data-image-caption=\"\" data-large-file=\"https:\/\/i0.wp.com\/www.wokthai.tn\/wp-content\/uploads\/2024\/07\/IMG_3280-1-scaled.jpeg?fit=857%2C571&amp;ssl=1\" \/>\t\t\t<\/span>\r\n\t\t\t<img loading=\"lazy\" decoding=\"async\" width=\"150\" height=\"150\" src=\"https:\/\/i0.wp.com\/www.wokthai.tn\/wp-content\/uploads\/2024\/07\/IMG_3280-1-scaled.jpeg?resize=150%2C150&amp;ssl=1\" class=\"attachment-thumbnail size-thumbnail wp-post-image\" alt=\"\" srcset=\"https:\/\/i0.wp.com\/www.wokthai.tn\/wp-content\/uploads\/2024\/07\/IMG_3280-1-scaled.jpeg?resize=150%2C150&amp;ssl=1 150w, https:\/\/i0.wp.com\/www.wokthai.tn\/wp-content\/uploads\/2024\/07\/IMG_3280-1-scaled.jpeg?resize=245%2C245&amp;ssl=1 245w, https:\/\/i0.wp.com\/www.wokthai.tn\/wp-content\/uploads\/2024\/07\/IMG_3280-1-scaled.jpeg?zoom=2&amp;resize=150%2C150&amp;ssl=1 300w, https:\/\/i0.wp.com\/www.wokthai.tn\/wp-content\/uploads\/2024\/07\/IMG_3280-1-scaled.jpeg?zoom=3&amp;resize=150%2C150&amp;ssl=1 450w\" sizes=\"(max-width: 150px) 100vw, 150px\" data-attachment-id=\"604\" data-permalink=\"https:\/\/www.wokthai.tn\/?attachment_id=604\" data-orig-file=\"https:\/\/i0.wp.com\/www.wokthai.tn\/wp-content\/uploads\/2024\/07\/IMG_3280-1-scaled.jpeg?fit=2560%2C1707&amp;ssl=1\" data-orig-size=\"2560,1707\" data-comments-opened=\"1\" data-image-meta=\"{&quot;aperture&quot;:&quot;0&quot;,&quot;credit&quot;:&quot;&quot;,&quot;camera&quot;:&quot;&quot;,&quot;caption&quot;:&quot;&quot;,&quot;created_timestamp&quot;:&quot;0&quot;,&quot;copyright&quot;:&quot;&quot;,&quot;focal_length&quot;:&quot;0&quot;,&quot;iso&quot;:&quot;0&quot;,&quot;shutter_speed&quot;:&quot;0&quot;,&quot;title&quot;:&quot;&quot;,&quot;orientation&quot;:&quot;1&quot;}\" data-image-title=\"IMG_3280 (1)\" data-image-description=\"\" data-image-caption=\"\" data-large-file=\"https:\/\/i0.wp.com\/www.wokthai.tn\/wp-content\/uploads\/2024\/07\/IMG_3280-1-scaled.jpeg?fit=857%2C571&amp;ssl=1\" \/>\t\t<\/div>\t\t\t\r\n\t\t<div class=\"restorator-menu-item__entry\">\r\n\t\t<div class=\"restorator-menu-item__heading\">\r\n\t\t\t<h3 class=\"restorator-menu-item__title\">\r\n\t\t\t\t<a href=\"https:\/\/www.wokthai.tn\/?dishes_menu=california-roll\" class=\"restorator-menu-item__title-link\">\r\n\t\t\t\t\tChicken Satay\t\t\t\t<\/a>\r\n\t\t\t<\/h3>\r\n\t\t\t<hr>\r\n\t\t\t<span class=\"restorator-menu-item__price\">28 <span class=\"currency\">DT<\/span><\/span>\t\t<\/div>\r\n\t\t<div class=\"restorator-menu-item__desc\">\r\n\t\t\t\t\r\n\t\t\t\t\t\t\t\t<div>Des brochettes de poulet marin\u00e9es et grill\u00e9es, accompagn\u00e9es de votre choix de riz blanc ou de nouilles fra\u00eeches.<br \/>\n\u00c0 cela s\u2019ajoutent des l\u00e9gumes saut\u00e9s croquants (brocolis, carottes, choux, oignons et champignons),<br \/>\ndes chips dor\u00e9es en rondelles et nos sauces maison : une mayo chilly l\u00e9g\u00e8rement \u00e9pic\u00e9e &amp; une sauce sucr\u00e9e-sal\u00e9e. Possibilit\u00e9 de remplacer les nouilles fra\u00eeches par du riz \u00ab\u00a0Tha\u00ef Jasmin rice\u00a0\u00bb.<\/div>\n\t\t<\/div>\r\n\t<\/div>\r\n<\/li>\t\t\t\t\t\t\t\t<\/ul>\n\t\t\t\t\t\t\t\t\t\t\t\t\t\t\n\t\t\t\t\t\t\t\t\t\t\t\t\n\t\t\t\t\t\t\t\t\t\t\t\t\t<\/div>\t\t\n\t\t\t\t\t\t\t\t\t<\/div>\t\n\t\t\t\t\t\t\t\t\t<\/div>\n\t\t\t\t<\/div>\n\t\t\t\t\t<\/div>\n\t\t\t\t<\/div>\n\t\t<div class=\"elementor-element elementor-element-84588eb e-flex e-con-boxed e-con e-parent\" data-id=\"84588eb\" data-element_type=\"container\" data-e-type=\"container\">\n\t\t\t\t\t<div class=\"e-con-inner\">\n\t\t\t\t<div class=\"elementor-element elementor-element-7761edc elementor-widget elementor-widget-restorator_button\" data-id=\"7761edc\" data-element_type=\"widget\" data-e-type=\"widget\" data-widget_type=\"restorator_button.default\">\n\t\t\t\t<div class=\"elementor-widget-container\">\n\t\t\t\t\t\t\t\n\t\t\t\t\t\t\t\t\n\t\t\t\t\n\t\t<div class=\"btn-wrap align-center\">\n\t\t\t<a class=\"btn btn-default \"href=\"https:\/\/www.wokthai.tn\/?product_cat=non-classe\">\n\t\t\t\tOrder\t\t\t<\/a>\n\t\t<\/div>\n\t\t\n\t\t\t\t\t\t<\/div>\n\t\t\t\t<\/div>\n\t\t\t\t\t<\/div>\n\t\t\t\t<\/div>\n\t\t\t\t<\/div>\n\t\t","protected":false},"excerpt":{"rendered":"<p>Only at Woktha\u00ef Ennasr Beef Satay 32 DT Des brochettes de b\u0153uf (100 % maigre), accompagn\u00e9es de votre choix de riz tha\u00ef jasmin premium ou de nouilles saut\u00e9es \u00e0 l\u2019ail&#8230;<\/p>\n","protected":false},"author":1,"featured_media":616,"parent":0,"menu_order":0,"comment_status":"closed","ping_status":"closed","template":"elementor_theme","meta":{"footnotes":""},"class_list":["post-1841","page","type-page","status-publish","has-post-thumbnail","hentry"],"jetpack_sharing_enabled":true,"_links":{"self":[{"href":"https:\/\/www.wokthai.tn\/index.php?rest_route=\/wp\/v2\/pages\/1841","targetHints":{"allow":["GET"]}}],"collection":[{"href":"https:\/\/www.wokthai.tn\/index.php?rest_route=\/wp\/v2\/pages"}],"about":[{"href":"https:\/\/www.wokthai.tn\/index.php?rest_route=\/wp\/v2\/types\/page"}],"author":[{"embeddable":true,"href":"https:\/\/www.wokthai.tn\/index.php?rest_route=\/wp\/v2\/users\/1"}],"replies":[{"embeddable":true,"href":"https:\/\/www.wokthai.tn\/index.php?rest_route=%2Fwp%2Fv2%2Fcomments&post=1841"}],"version-history":[{"count":5,"href":"https:\/\/www.wokthai.tn\/index.php?rest_route=\/wp\/v2\/pages\/1841\/revisions"}],"predecessor-version":[{"id":1846,"href":"https:\/\/www.wokthai.tn\/index.php?rest_route=\/wp\/v2\/pages\/1841\/revisions\/1846"}],"wp:featuredmedia":[{"embeddable":true,"href":"https:\/\/www.wokthai.tn\/index.php?rest_route=\/wp\/v2\/media\/616"}],"wp:attachment":[{"href":"https:\/\/www.wokthai.tn\/index.php?rest_route=%2Fwp%2Fv2%2Fmedia&parent=1841"}],"curies":[{"name":"wp","href":"https:\/\/api.w.org\/{rel}","templated":true}]}}