{"id":1805,"date":"2025-05-03T15:26:07","date_gmt":"2025-05-03T14:26:07","guid":{"rendered":"https:\/\/www.wokthai.tn\/?page_id=1805&#038;lang=fr"},"modified":"2025-05-03T15:30:58","modified_gmt":"2025-05-03T14:30:58","slug":"elementor-1805","status":"publish","type":"page","link":"https:\/\/www.wokthai.tn\/?page_id=1805&lang=en","title":{"rendered":"Become a Woktha\u00ef Franchisee"},"content":{"rendered":"\t\t<div data-elementor-type=\"wp-page\" data-elementor-id=\"1805\" class=\"elementor elementor-1805\">\n\t\t\t\t<div class=\"elementor-element elementor-element-7a018bd e-con-full e-flex e-con e-parent\" data-id=\"7a018bd\" data-element_type=\"container\" data-e-type=\"container\">\n\t\t\t\t<div class=\"elementor-element elementor-element-dc07ef8 elementor-widget elementor-widget-cristiano_heading\" data-id=\"dc07ef8\" data-element_type=\"widget\" data-e-type=\"widget\" data-widget_type=\"cristiano_heading.default\">\n\t\t\t\t<div class=\"elementor-widget-container\">\n\t\t\t\t\t\t\t\t<div class=\"heading\">\n\t\t\t\t<h2 class=\"title\">What if we built it together?<\/h2>\n\t\t\t\t<p class=\"subtitle\"><\/p>\n\t\t\t<\/div>\n\t\t\t\t\t\t<\/div>\n\t\t\t\t<\/div>\n\t\t\t\t<div class=\"elementor-element elementor-element-23b1137 elementor-widget__width-inherit elementor-widget elementor-widget-cristiano_article\" data-id=\"23b1137\" data-element_type=\"widget\" data-e-type=\"widget\" data-widget_type=\"cristiano_article.default\">\n\t\t\t\t<div class=\"elementor-widget-container\">\n\t\t\t\t\t\r\n\t\t<div class=\"article to-left has-post-thumbnail\">\r\n\t\t\t<div class=\"image\"><img fetchpriority=\"high\" decoding=\"async\" width=\"408\" height=\"272\" src=\"https:\/\/i0.wp.com\/www.wokthai.tn\/wp-content\/uploads\/2025\/03\/IMG_3788-3.jpg?fit=408%2C272&amp;ssl=1\" class=\"attachment-medium size-medium\" alt=\"\" data-attachment-id=\"1243\" data-permalink=\"https:\/\/www.wokthai.tn\/?attachment_id=1243\" data-orig-file=\"https:\/\/i0.wp.com\/www.wokthai.tn\/wp-content\/uploads\/2025\/03\/IMG_3788-3.jpg?fit=2400%2C1965&amp;ssl=1\" data-orig-size=\"2400,1965\" data-comments-opened=\"1\" data-image-meta=\"{&quot;aperture&quot;:&quot;2.8&quot;,&quot;credit&quot;:&quot;&quot;,&quot;camera&quot;:&quot;Canon EOS R&quot;,&quot;caption&quot;:&quot;&quot;,&quot;created_timestamp&quot;:&quot;1621711330&quot;,&quot;copyright&quot;:&quot;&quot;,&quot;focal_length&quot;:&quot;41&quot;,&quot;iso&quot;:&quot;1000&quot;,&quot;shutter_speed&quot;:&quot;0.005&quot;,&quot;title&quot;:&quot;&quot;,&quot;orientation&quot;:&quot;0&quot;}\" data-image-title=\"IMG_3788\" data-image-description=\"\" data-image-caption=\"\" data-large-file=\"https:\/\/i0.wp.com\/www.wokthai.tn\/wp-content\/uploads\/2025\/03\/IMG_3788-3.jpg?fit=857%2C571&amp;ssl=1\" \/><\/div>\r\n\t\t\t<div class=\"details\">\r\n\t\t\t\t<h2>Here\u2019s the profile of our future partners:<\/h2>\r\n\t\t\t\t<div style=\"margin-top: 30px\">\n<h3 class=\"\" data-start=\"89\" data-end=\"132\"><strong data-start=\"96\" data-end=\"132\">What We Look For in Our Partners<\/strong><\/h3>\n<p class=\"\" data-start=\"134\" data-end=\"268\"><strong data-start=\"134\" data-end=\"160\">\ud83d\udcbc Financial Stability<\/strong><br data-start=\"160\" data-end=\"163\" \/>We team up with entrepreneurs who can invest with ambition and long-term vision \u2014 for today and tomorrow.<\/p>\n<p class=\"\" data-start=\"270\" data-end=\"407\"><strong data-start=\"270\" data-end=\"291\">\ud83d\ude80 Growth Mindset<\/strong><br data-start=\"291\" data-end=\"294\" \/>We seek motivated partners who are ready to develop multiple restaurants in their region or even internationally.<\/p>\n<p class=\"\" data-start=\"409\" data-end=\"532\"><strong data-start=\"409\" data-end=\"436\">\ud83d\udccd Strong Local Network<\/strong><br data-start=\"436\" data-end=\"439\" \/>Knowing the local landscape is key. Having access to strategic locations is a real advantage.<\/p>\n<p class=\"\" data-start=\"534\" data-end=\"710\"><strong data-start=\"534\" data-end=\"565\">\ud83c\udf5c Taste &amp; Service-Oriented<\/strong><br data-start=\"565\" data-end=\"568\" \/>Experience in the restaurant industry is a plus, but a true passion for great service and customer satisfaction is what really sets you apart.<\/p>\n<p class=\"\" data-start=\"712\" data-end=\"834\"><strong data-start=\"712\" data-end=\"732\">\ud83e\udd1d Shared Vision<\/strong><br data-start=\"732\" data-end=\"735\" \/>At Woktha\u00ef, we grow with those who share our values: quality, innovation, and a love for good food.<\/p>\n<\/div>\n\t\t\t<\/div>\r\n\t\t<\/div>\r\n\r\n\t\t\t\t\t\t<\/div>\n\t\t\t\t<\/div>\n\t\t\t\t<div class=\"elementor-element elementor-element-5ba8e4f elementor-widget elementor-widget-cristiano_article\" data-id=\"5ba8e4f\" data-element_type=\"widget\" data-e-type=\"widget\" data-widget_type=\"cristiano_article.default\">\n\t\t\t\t<div class=\"elementor-widget-container\">\n\t\t\t\t\t\r\n\t\t<div class=\"article to-left \">\r\n\t\t\t<div class=\"image\"><\/div>\r\n\t\t\t<div class=\"details\">\r\n\t\t\t\t<h2>Join Woktha\u00ef in 8 Simple Steps:<\/h2>\r\n\t\t\t\t<ol data-start=\"131\" data-end=\"1220\">\n<li class=\"\" data-start=\"131\" data-end=\"263\">\n<p class=\"\" data-start=\"134\" data-end=\"263\"><strong data-start=\"134\" data-end=\"157\">Take the First Step<\/strong><br data-start=\"157\" data-end=\"160\" \/>Fill out our contact form: tell us who you are and why you want to be part of the Woktha\u00ef adventure.<\/p>\n<\/li>\n<li class=\"\" data-start=\"265\" data-end=\"403\">\n<p class=\"\" data-start=\"268\" data-end=\"403\"><strong data-start=\"268\" data-end=\"292\">Let\u2019s Get Acquainted<\/strong><br data-start=\"292\" data-end=\"295\" \/>A first meeting to get to know each other, answer your questions, and lay the foundations of the project.<\/p>\n<\/li>\n<li class=\"\" data-start=\"405\" data-end=\"551\">\n<p class=\"\" data-start=\"408\" data-end=\"551\"><strong data-start=\"408\" data-end=\"430\">Experience Woktha\u00ef<\/strong><br data-start=\"430\" data-end=\"433\" \/>Spend time with our teams during service hours. There\u2019s no better way to feel the atmosphere and energy of Woktha\u00ef.<\/p>\n<\/li>\n<li class=\"\" data-start=\"553\" data-end=\"665\">\n<p class=\"\" data-start=\"556\" data-end=\"665\"><strong data-start=\"556\" data-end=\"573\">Meet the Team<\/strong><br data-start=\"573\" data-end=\"576\" \/>Sit down with the management to discuss and agree on the next steps for the adventure.<\/p>\n<\/li>\n<li class=\"\" data-start=\"667\" data-end=\"819\">\n<p class=\"\" data-start=\"670\" data-end=\"819\"><strong data-start=\"670\" data-end=\"695\">We Build Your Project<\/strong><br data-start=\"695\" data-end=\"698\" \/>Whether it\u2019s a new opening or taking over an existing location, we work together to create a solid and realistic plan.<\/p>\n<\/li>\n<li class=\"\" data-start=\"821\" data-end=\"935\">\n<p class=\"\" data-start=\"824\" data-end=\"935\"><strong data-start=\"824\" data-end=\"850\">We Help with Financing<\/strong><br data-start=\"850\" data-end=\"853\" \/>Need help securing financing? We support you through every step of the process.<\/p>\n<\/li>\n<li class=\"\" data-start=\"937\" data-end=\"1089\">\n<p class=\"\" data-start=\"940\" data-end=\"1089\"><strong data-start=\"940\" data-end=\"967\">We Train You Thoroughly<\/strong><br data-start=\"967\" data-end=\"970\" \/>It\u2019s time for training! Spend several weeks immersing yourself in our restaurants to learn everything on the ground.<\/p>\n<\/li>\n<li class=\"\" data-start=\"1091\" data-end=\"1220\">\n<p class=\"\" data-start=\"1094\" data-end=\"1220\"><strong data-start=\"1094\" data-end=\"1114\">We Open Together<\/strong><br data-start=\"1114\" data-end=\"1117\" \/>The big day is here! Your Woktha\u00ef restaurant opens its doors, and we\u2019re there every step of the way.<\/p>\n<\/li>\n<\/ol>\n\t\t\t<\/div>\r\n\t\t<\/div>\r\n\r\n\t\t\t\t\t\t<\/div>\n\t\t\t\t<\/div>\n\t\t\t\t<\/div>\n\t\t<div class=\"elementor-element elementor-element-44e4031 e-flex e-con-boxed e-con e-parent\" data-id=\"44e4031\" data-element_type=\"container\" data-e-type=\"container\">\n\t\t\t\t\t<div class=\"e-con-inner\">\n\t\t\t\t<div class=\"elementor-element elementor-element-58b9198 elementor-widget elementor-widget-restorator_contact_form_7\" data-id=\"58b9198\" data-element_type=\"widget\" data-e-type=\"widget\" data-widget_type=\"restorator_contact_form_7.default\">\n\t\t\t\t<div class=\"elementor-widget-container\">\n\t\t\t\t\t\t\t\t<div class=\"contact-form-7-block alignfull  \">\n\t\t\t\t<div>\n\t\t\t\t\t<div class=\"wrap\">\n\t\t\t\t\t\t\t\t\t\t\t\t\t<div class=\"heading heading-inside-widget\">\n\t\t\t\t\t\t\t\t<h2 class=\"title\">Formulaire de contact<\/h2>\n\t\t\t\t\t\t\t\t<p class=\"subtitle\"><\/p>\n\t\t\t\t\t\t\t<\/div>\n\t\t\t\t\t\t\t\n\t\t\t\t\t\t\n<div class=\"wpcf7 no-js\" id=\"wpcf7-f13-o1\" lang=\"fr-FR\" dir=\"ltr\" data-wpcf7-id=\"13\">\n<div class=\"screen-reader-response\"><p role=\"status\" aria-live=\"polite\" aria-atomic=\"true\"><\/p> <ul><\/ul><\/div>\n<form action=\"\/index.php?rest_route=%2Fwp%2Fv2%2Fpages%2F1805#wpcf7-f13-o1\" method=\"post\" class=\"wpcf7-form init\" aria-label=\"Formulaire de contact\" novalidate=\"novalidate\" data-status=\"init\">\n<fieldset class=\"hidden-fields-container\"><input type=\"hidden\" name=\"_wpcf7\" value=\"13\" \/><input type=\"hidden\" name=\"_wpcf7_version\" value=\"6.1.5\" \/><input type=\"hidden\" name=\"_wpcf7_locale\" value=\"fr_FR\" \/><input type=\"hidden\" name=\"_wpcf7_unit_tag\" value=\"wpcf7-f13-o1\" \/><input type=\"hidden\" name=\"_wpcf7_container_post\" value=\"0\" \/><input type=\"hidden\" name=\"_wpcf7_posted_data_hash\" value=\"\" \/>\n<\/fieldset>\n<p><label> Votre nom<br \/>\n<span class=\"wpcf7-form-control-wrap\" data-name=\"your-name\"><input size=\"40\" maxlength=\"400\" class=\"wpcf7-form-control wpcf7-text wpcf7-validates-as-required\" autocomplete=\"name\" aria-required=\"true\" aria-invalid=\"false\" value=\"\" type=\"text\" name=\"your-name\" \/><\/span> <\/label>\n<\/p>\n<p><label> Votre e-mail<br \/>\n<span class=\"wpcf7-form-control-wrap\" data-name=\"your-email\"><input size=\"40\" maxlength=\"400\" class=\"wpcf7-form-control wpcf7-email wpcf7-validates-as-required wpcf7-text wpcf7-validates-as-email\" autocomplete=\"email\" aria-required=\"true\" aria-invalid=\"false\" value=\"\" type=\"email\" name=\"your-email\" \/><\/span> <\/label>\n<\/p>\n<p><label> Votre num\u00e9ro de t\u00e9l\u00e9phone<br \/>\n<span class=\"wpcf7-form-control-wrap\" data-name=\"your-tel\"><input size=\"40\" maxlength=\"400\" minlength=\"8\" class=\"wpcf7-form-control wpcf7-tel wpcf7-validates-as-required wpcf7-text wpcf7-validates-as-tel\" autocomplete=\"tel\" aria-required=\"true\" aria-invalid=\"false\" value=\"\" type=\"tel\" name=\"your-tel\" \/><\/span> <\/label>\n<\/p>\n<p><label> Objet<br \/>\n<span class=\"wpcf7-form-control-wrap\" data-name=\"your-subject\"><input size=\"40\" maxlength=\"400\" class=\"wpcf7-form-control wpcf7-text wpcf7-validates-as-required\" aria-required=\"true\" aria-invalid=\"false\" value=\"\" type=\"text\" name=\"your-subject\" \/><\/span> <\/label>\n<\/p>\n<p><label> Votre message<br \/>\n<span class=\"wpcf7-form-control-wrap\" data-name=\"your-message\"><textarea cols=\"40\" rows=\"10\" maxlength=\"2000\" class=\"wpcf7-form-control wpcf7-textarea wpcf7-validates-as-required\" aria-required=\"true\" aria-invalid=\"false\" name=\"your-message\"><\/textarea><\/span> <\/label>\n<\/p>\n<p><input class=\"wpcf7-form-control wpcf7-submit has-spinner\" type=\"submit\" value=\"Envoyer\" \/>\n<\/p><div class=\"wpcf7-response-output\" aria-hidden=\"true\"><\/div>\n<\/form>\n<\/div>\n\t\t\t\t\t<\/div>\n\t\t\t\t<\/div>\n\t\t\t\t\t\t\t<\/div>\n\t\t\t\t\t\t<\/div>\n\t\t\t\t<\/div>\n\t\t\t\t\t<\/div>\n\t\t\t\t<\/div>\n\t\t\t\t<\/div>\n\t\t","protected":false},"excerpt":{"rendered":"<p>What if we built it together? Here\u2019s the profile of our future partners: What We Look For in Our Partners \ud83d\udcbc Financial StabilityWe team up with entrepreneurs who can invest&#8230;<\/p>\n","protected":false},"author":1,"featured_media":790,"parent":0,"menu_order":0,"comment_status":"closed","ping_status":"closed","template":"","meta":{"footnotes":""},"class_list":["post-1805","page","type-page","status-publish","has-post-thumbnail","hentry"],"jetpack_sharing_enabled":true,"_links":{"self":[{"href":"https:\/\/www.wokthai.tn\/index.php?rest_route=\/wp\/v2\/pages\/1805","targetHints":{"allow":["GET"]}}],"collection":[{"href":"https:\/\/www.wokthai.tn\/index.php?rest_route=\/wp\/v2\/pages"}],"about":[{"href":"https:\/\/www.wokthai.tn\/index.php?rest_route=\/wp\/v2\/types\/page"}],"author":[{"embeddable":true,"href":"https:\/\/www.wokthai.tn\/index.php?rest_route=\/wp\/v2\/users\/1"}],"replies":[{"embeddable":true,"href":"https:\/\/www.wokthai.tn\/index.php?rest_route=%2Fwp%2Fv2%2Fcomments&post=1805"}],"version-history":[{"count":5,"href":"https:\/\/www.wokthai.tn\/index.php?rest_route=\/wp\/v2\/pages\/1805\/revisions"}],"predecessor-version":[{"id":1810,"href":"https:\/\/www.wokthai.tn\/index.php?rest_route=\/wp\/v2\/pages\/1805\/revisions\/1810"}],"wp:featuredmedia":[{"embeddable":true,"href":"https:\/\/www.wokthai.tn\/index.php?rest_route=\/wp\/v2\/media\/790"}],"wp:attachment":[{"href":"https:\/\/www.wokthai.tn\/index.php?rest_route=%2Fwp%2Fv2%2Fmedia&parent=1805"}],"curies":[{"name":"wp","href":"https:\/\/api.w.org\/{rel}","templated":true}]}}